 8*j - 1317 + 1581. Calculate the remainder when 18 is divided by (-5)/(-55) - 525/j.
2
Let c(n) = 169*n + 60. Calculate the remainder when c(4) is divided by 44.
32
Let j(c) = 5*c - 7. Let r be j(2). Suppose r*g + 10*g = 598. What is the remainder when g is divided by 16?
14
Let q(t) = 10*t. Suppose 224 = -x + 5*z, -14*x + 19*x + 1120 = 4*z. Let r = -216 - x. Calculate the remainder when q(2) is divided by r.
4
Let p = 2478 - 2410. What is the remainder when 96 is divided by p?
28
Suppose -4*z + 86 - 6 = 0. Suppose -8*o = -10*o + 3*p + 65, 2*o - 58 = -4*p. Calculate the remainder when o is divided by z.
11
Suppose 5*q + 65*b - 68*b = 386, -5*q = -4*b - 388. Calculate the remainder when 374 is divided by q.
70
Suppose -95*r - 4229 = -42134. Calculate the remainder when 400 is divided by r.
1
Let j = 134 + -83. Suppose 49 = -17*f + 372. What is the remainder when j is divided by f?
13
Suppose 4*n = -5*f + 3737, -456 - 1031 = -2*f + n. Calculate the remainder when f is divided by 108.
97
Let u(g) = -4*g + 34. Let m be u(8). Calculate the remainder when 2/4*m*58 is divided by 15.
13
Suppose -5*h + 5*m = 291 + 209, -5*m - 165 = 2*h. Let z = -54 - h. Let n = -316 + 330. Calculate the remainder when z is divided by n.
13
Calculate the remainder when 246 is divided by (712/(-1246))/(4/(-14)).
0
Let t(y) = -2*y**2 - 13*y + 29. Let n(b) = 8*b - 24. What is the remainder when n(14) is divided by t(-8)?
3
Let z = 318 - 564. Let c = -172 - z. Calculate the remainder when 590 is divided by c.
72
Suppose -5*c = 5*d - 2430, -1453 = -3*d - 0*c - 2*c. Let y = 708 - d. Let g = -179 + 198. What is the remainder when y is divided by g?
18
Let q be (13 + -10)/((-4)/(-52)). Suppose -q*f + 640 = -31*f. What is the remainder when f is divided by 21?
17
Let z = -19853 + 19900. Let x = -14 + 33. What is the remainder when z is divided by x?
9
Suppose 2*m - 1849 - 1749 = -255*m. Let n = -28 + 125. Calculate the remainder when n is divided by m.
13
Let r(m) = m**3 - 15*m**2 + 31*m - 68. Calculate the remainder when r(15) is divided by 32.
13
Let i = 19799 - 19428. What is the remainder when i is divided by 96?
83
Let l = 16014 - 15817. Calculate the remainder when 1391 is divided by l.
12
Let o(w) = -w**2 - 18*w - 33. Let b(q) = -2*q**3 + 73*q**2 - 34*q - 85. Let p be b(36). What is the remainder when o(p) is divided by 7?
4
Suppose -44 = -2*c + 7*p - 4*p, 0 = c + 3*p - 40. Calculate the remainder when 18/(-6) + (-240)/(-3) is divided by c.
21
Let t(z) = z**2 + 17*z + 12. Let w be t(-16). Let a(s) = 4*s - 2. Calculate the remainder when a(3) is divided by (w + 4 - 6/(-4))*4.
4
Let z = 17 - 3. Calculate the remainder when (2220/24)/((-5)/(-6)) is divided by z.
13
Let p = -2189 - -2201. Let k(r) = r**3 - r**2 + 729. Calculate the remainder when k(0) is divided by p.
9
Let u(m) = 5*m**2 - 5*m + 4. Let o(b) = 5*b**2 + 98*b - 515. What is the remainder when o(5) is divided by u(3)?
32
Let k(l) = -l**2 - 49*l - 195. Let w be k(-19). Suppose -33*g + 28*g = -w. What is the remainder when g is divided by 8?
3
Let p(r) = 2*r**2 - 5*r + 14. Let d = 42 + -42. Suppose d = 58*l - 59*l + 22. Calculate the remainder when p(5) is divided by l.
17
Let n = -18 + 30. Let i be (-2)/8 - 34/(-8). Suppose -2*w = -0*v - 3*v - 24, 0 = i*w - 4*v - 40. Calculate the remainder when n is divided by w.
0
Let u = 311 + -305. Suppose -3*w - 871 = -4*y - u*w, w + 1103 = 5*y. What is the remainder when y is divided by 37?
35
Let h = 22640 + -22607. Suppose -b + 11 = -16. What is the remainder when h is divided by b?
6
Suppose -15260 = -59*v - 985 - 2062. Calculate the remainder when 3931 is divided by v.
205
Let z = -118 + 102. What is the remainder when 97 - (21/14)/((-6)/z) is divided by 50?
43
Let s = -687 + 984. Calculate the remainder when s is divided by (-60)/1*(-1)/2.
27
Suppose v - 3*c - 388 = 0, 45*c + 12 = 48*c. What is the remainder when v is divided by 60?
40
What is the remainder when ((-9)/((-225)/20)*3)/((-10)/(-1425)) is divided by 109?
15
Suppose 0 = 4*h - 64 - 188. Let a(j) = j - 3. Let g be a(5). Suppose -5*y = -g*b + 57, -2*y - 60 = -5*b - 6*y. Calculate the remainder when h is divided by b.
15
Let k = 6605 + -6510. What is the remainder when 813 is divided by k?
53
Suppose -221 = -5*q + a, -5*q + 5*a + 146 = -79. Let p = -257 - -286. What is the remainder when q is divided by p?
15
Suppose -3592 = 28*j - 19804. What is the remainder when j is divided by 10?
9
Let d = 73 + -71. Let u be 323 + (4 - (4 - d)). Suppose -c = 4*c - u. Calculate the remainder when c is divided by 11.
10
Suppose 2*f - 1 - 1 = 2*d, 2 = f. Suppose -2*m - 5*c = -37, 0 = -3*m + c - d + 48. What is the remainder when 62 is divided by m?
14
Let f be ((-49)/(-14))/(((-3)/2)/(-3)). Suppose 439 = 4*c + f. Suppose r = -8*r + c. What is the remainder when 21 is divided by r?
9
Suppose -4*p + 5*f = -445 - 57, -2*f + 516 = 4*p. Suppose 16*o = -8*o + 696. What is the remainder when p is divided by o?
12
Suppose 2*o + 4*p = 1 + 21, o - 4*p - 53 = 0. What is the remainder when 4773 is divided by o?
23
Suppose -17 = -3*o - 2. Let q be o - 2/(-1 - 5/(-3)). Suppose 2*m + 96 = q*c, 4*c + m - 198 = 2*m. What is the remainder when c is divided by 13?
11
Let i(b) = 2*b**2 - b - 3. Let v(z) = -79*z - 451. Calculate the remainder when v(-7) is divided by i(-5).
50
Let x(g) = 3*g**3 + 4*g**2 - 16*g - 17. Let d be x(-6). Let m = 693 + d. Calculate the remainder when m is divided by 46.
38
Let r(n) = -15*n - 1. Let a = -388993 - -389058. What is the remainder when a is divided by r(-1)?
9
Suppose 3*f + 3*f = 7452. Suppose -7*q + 816 + f = 0. Calculate the remainder when q is divided by 37.
35
Let l be 0*(-6 + 44/8). Calculate the remainder when 124 is divided by 23 + -19 + l + 3.
5
Suppose m - 1 = 0, 22 = -4*h - 2*m + 128. Suppose -8*p + 2*p + 4380 = 0. Suppose 0 = 7*v + 219 - p. What is the remainder when v is divided by h?
21
Suppose 158 = 2*t - 82. Suppose 3*m + 0*m = i - 48, m + t = 3*i. Let k = 1782 - 1768. What is the remainder when i is divided by k?
11
Suppose 3*r = -r + 296. Suppose 3*q = 202 + r. Suppose 9*w - 1207 + 129 = -13*w. Calculate the remainder when q is divided by w.
43
Suppose 0 = 5*t - 13*t + 169 + 1023. Calculate the remainder when t is divided by 11.
6
Let l(o) = o + 1050. Calculate the remainder when l(11) is divided by 133.
130
Let z be (-3 + 0/((-18)/(-6)))*-26107. Suppose -56*v - 11401 = -z. Calculate the remainder when v is divided by 21.
19
Let o = 5939 + -5928. Calculate the remainder when 115 is divided by o.
5
Let h = 104 + -82. Let s(p) = 3*p**3 + 97*p**2 + 26*p + 155. Calculate the remainder when s(-32) is divided by h.
17
Suppose 0 = 2*p + y - 934, -3*y - 2*y + 934 = 2*p. Suppose 337 = -5*b + p. What is the remainder when 67 is divided by b?
15
Let y(m) = 2*m**3 + 26*m**2 - 5*m - 1. Let o be y(-14). Let x = -166 - o. What is the remainder when x is divided by 63?
31
Let g(c) = -5*c**2 - 84*c + 37. Let s(y) = 2*y. Let m be s(1). Suppose d + 4 = m*b, 3*b - 2 = d + 6. Calculate the remainder when g(-17) is divided by d.
0
Let d = 5614 - 5233. Calculate the remainder when d is divided by 152.
77
Suppose 5*y - 165 - 236 = -2*x, 4*y + 410 = 2*x. Calculate the remainder when x is divided by 37.
18
Let p = -538 - -606. What is the remainder when 812 is divided by p?
64
What is the remainder when 345/12*20*(-1606)/(-275) is divided by 210?
208
Suppose 1139*a - 3*u = 1141*a - 2024, 4*a - 4030 = 3*u. What is the remainder when a is divided by 8?
1
Let r(i) = 30*i - 59. Let k(s) = -s**3 + 2*s**2 + 11*s - 9. Let v be k(4). What is the remainder when 90 is divided by r(v)?
28
Suppose -2*r = -5*r + 39. Let i(k) = 2*k - 16. Let u be i(r). Suppose u*o - 455 - 565 = 0. What is the remainder when o is divided by 21?
18
Suppose -2*a - 3*f + 119 = 0, -5*a + 345 = f + 41. Suppose 108*y + 258*y - 5490 = 0. What is the remainder when a is divided by y?
1
Suppose -2657 = -17*n + 3803. Suppose -8*k = 12 - n. Let d(x) = 4*x**2 + x - 2. What is the remainder when k is divided by d(-2)?
10
What is the remainder when 1448/6 - (-2)/(-6) is divided by (-25 - -24)*-61 + -26?
31
Let i be 5 + (-35)/(12 + -5). Suppose i = y - 3, 2*y + y = k - 26. What is the remainder when (-137)/(-2) + 1/2 is divided by k?
34
Suppose -q + b + 61 =